 of j?
4
Suppose -2*n = -7*n - 10. Let x(s) = -13*s**2 - 6*s - 3. Let v(d) = d. Let t(b) = -3*v(b) - x(b). What is the units digit of t(n)?
9
Let v be 2/((-3)/3) - 2. Let s be v/(-14) - (-340)/35. Let j = s - 9. What is the units digit of j?
1
Suppose p = -4*r + 2943, p - 370 = -r + 365. What is the hundreds digit of r?
7
Let j(k) = -k**2 - 11*k + 13. Let y(m) = -m**3 + 4*m**2 - 2*m - 1. Let a be y(3). Suppose -5*r - 4*b - 46 = -a*r, 2 = r - 3*b. What is the tens digit of j(r)?
2
Let c(q) = -q**2 - q - 4. Let p be c(0). Let m be 8 - (-4 + 12 + p). Suppose m*w = -0*w + 224. What is the units digit of w?
6
Let g be 170/(-45) + 2/(-9). Let j = -4 - g. Suppose 3*n + d + 4*d = 100, j = -3*n - 2*d + 85. What is the units digit of n?
5
Let g = 64 + -68. What is the units digit of g/((-4)/3) - (7 + -130)?
6
Suppose 323 = 4*d + 3*j, 4*d - 176 = -4*j + 148. Suppose 0 = -w + 199 - d. What is the tens digit of w?
1
Let m be ((-68)/(-10))/((1 - 3)/(-10)). Let s be 6/5*(-10)/(-3). Suppose -2*o = -s*o + m. What is the units digit of o?
7
Suppose -46*n + 19889 + 9275 = 0. What is the tens digit of n?
3
Let a(h) = h - 2*h + 0*h + 16 - 14. Let t be a(5). Let i(g) = -g**3 - g**2 - 2. What is the tens digit of i(t)?
1
Suppose -63*v + 55*v = -25888. What is the thousands digit of v?
3
Let p = 533 + -332. What is the hundreds digit of p?
2
Let t(y) = y**3 + 4*y**2 + 5*y + 4. Let f be t(-2). Suppose -45 - 201 = -f*v. What is the tens digit of v?
2
Let l(o) = 2*o - o**3 - 6*o - 14*o**2 - 3*o + o - 1. What is the units digit of l(-14)?
3
Let x be (1 - 6)*20/(-50). Suppose -l + x*l = 76. What is the units digit of l?
6
Suppose 7658 = 9*f + 5*f. What is the hundreds digit of f?
5
Suppose -a - b = -1166, 0 = -5*b - 2 + 17. What is the units digit of a?
3
Suppose 2*m = 5*q - 14179, -5*m = 3*q + 2*q - 14165. What is the hundreds digit of q?
8
Let v be 9/4 + (-15)/(-20). Let m(q) = q**2 - 2*q - 2. What is the units digit of m(v)?
1
Let j(x) be the second derivative of x**4/12 - 7*x**3/6 + 5*x**2/2 + 7*x. Let y be j(4). What is the units digit of 2/2 - (-9 + y)?
7
Let t(w) = 2*w**3 - 2*w**2 - 7*w + 4. Let q be t(3). Suppose -2*l = -c - q + 61, l = -5*c + 177. What is the units digit of c?
6
Suppose b + 0*b = -2*g + 80, 3*b = -5*g + 242. Let p = 171 - b. What is the units digit of p?
7
Let f(d) be the third derivative of -d**6/60 - d**5/15 + d**4/8 + 11*d**3/6 - 27*d**2. What is the tens digit of f(-5)?
4
Let d be (3 + -3)/(2/(-1)). Let t(j) = j + 38. What is the units digit of t(d)?
8
Let x be 37/(-5) + 2/5. Let i = -7 - x. Suppose -z + 3*h = -3, -5*z + i*h + 2*h + 54 = 0. What is the tens digit of z?
1
Let s be (-2*1)/(5/(-50)). Let o be (-34)/(-9) - s/(-90). Suppose -q = 4*l + l - 54, -4*q = o. What is the tens digit of l?
1
Let t(q) = -2*q**3 - 10*q**2 - 4*q. Let y = 23 - 29. What is the units digit of t(y)?
6
Let i = 531 - 278. What is the units digit of i?
3
Suppose 5*x = -6*f + 2*f + 14, -5*f - 2 = 3*x. Let z(m) = -6*m + 11. Let d(j) = -7*j + 12. Let s(o) = x*z(o) - 5*d(o). What is the units digit of s(3)?
3
What is the units digit of 3 + -4 + 4 + -2 + 123?
4
Suppose 3*h - 3*c = -4*c - 7, 8 = 4*c. Let l = -12 + h. Let t = -12 - l. What is the units digit of t?
3
Suppose 3*m - m = 10. Suppose 0 = -m*f - 10, 4*f = 3*o + 5*f - 10. Suppose 0 = -o*i - 0*i + 108. What is the units digit of i?
7
Suppose -r = -5*f - 4266, 10391 = 4*r + 2*f - 6695. What is the hundreds digit of r?
2
Suppose -3*h + 3*t + 1230 = 0, -34*h - 4*t = -29*h - 2077. What is the units digit of h?
3
Let q(m) = 0*m**2 + m**2 - 2*m + 7*m - 11. What is the tens digit of q(-8)?
1
Let q(d) be the first derivative of 1/4*d**4 - 9/2*d**2 - 3 + 6*d + 2*d**3. What is the units digit of q(-7)?
0
Let b(h) = -45*h + 23. What is the thousands digit of b(-27)?
1
Let f = -67 + 101. Let r(q) = -q**2 + 5*q - 1. Let o be r(4). Let h = f - o. What is the units digit of h?
1
Suppose 122 + 158 = 4*r. Suppose -4*b + 50 = -r. Let i = b - 28. What is the units digit of i?
2
Suppose 0 = -3*z - 3*y + 2208, 35*z - 3*y + 3690 = 40*z. What is the tens digit of z?
4
Let q(r) = 575*r**2 + r. What is the units digit of q(-1)?
4
Let t = 1221 + 2024. What is the hundreds digit of t?
2
Let w = 794 + -200. What is the hundreds digit of w?
5
Suppose -33*q + 35*q - 3581 = -3*c, -5*c - 7151 = -4*q. What is the thousands digit of q?
1
Let s(q) = 5*q**2 - 130*q - 73. What is the hundreds digit of s(-20)?
5
Let p = 54 + -58. Let a(g) = -7*g**2 - 2*g + 4. Let n(o) = -o**2. Let j(d) = -a(d) + 6*n(d). What is the units digit of j(p)?
4
Let f(b) = -2*b**3 + 4*b**2 - 33*b + 18. What is the hundreds digit of f(-7)?
1
Let p(i) = -i**3 + 9*i**2 - 9*i - 8. Let x be p(7). Suppose 25*t + 154 = x*t. What is the tens digit of t?
7
Suppose -4068 = -21*v + 3*v. What is the hundreds digit of v?
2
Let j(w) = -3*w**3 - w**2 + w + 1. Let a be j(-1). Suppose -10 = a*f, 2*r + 4*f = 6*r - 24. What is the units digit of (-42)/(-3)*r - -3?
7
Suppose -2*z + 24 - 126 = 0. Let g = z + 160. Let w = g + -65. What is the units digit of w?
4
What is the hundreds digit of (7/(-4) - -2) + 4782/8?
5
Let c be 6/(-7)*(1 + -85). Suppose 0 = 6*h - 1 - 17. Suppose 6*z - c = h*z. What is the units digit of z?
4
Suppose -4*s = c - 15, -2*s + c + 12 - 3 = 0. Suppose -m - 66 = -s*m. What is the tens digit of m?
2
Suppose -72*w + 71*w = -b + 2664, -b - 5*w + 2664 = 0. What is the hundreds digit of b?
6
Let p be ((-15)/1)/5 - -6. Let v = -1 + 4. Suppose 54 = 3*i + v*c, -p*i + 57 = 2*c - 0*c. What is the tens digit of i?
2
Let f(u) = u**2 - 3*u + 6. Suppose -1 = -3*p + 2*w - 20, 4*p = -4*w - 32. What is the tens digit of f(p)?
7
Let y = -1357 - -3234. What is the units digit of y?
7
Let y = 33 + -31. Suppose 245 = 5*x + 5*w, -65 = -y*x + x - 5*w. What is the units digit of x?
5
Suppose 0 = c - 4 + 6. Let l(g) = -52*g + 3. What is the units digit of l(c)?
7
Let j(r) = 2*r**2 + 4*r + 4. Let s be j(-5). Suppose -d - s = -3*d. Suppose d = -b + q + 51, -42 = -b - 3*q. What is the units digit of b?
6
Let t(y) = -3 - 6*y**2 - 2 - 4*y**3 + 3*y**3. Let v be t(-6). Let h = v - -12. What is the units digit of h?
7
Suppose 3*u + c - 775 = 0, 4*u - 19*c = -21*c + 1032. What is the units digit of u?
9
Let y = -41 - -75. Let s = -31 + y. Suppose s*v = -0*v + 216. What is the units digit of v?
2
What is the units digit of (-1)/1 + 68 + (-7 - -6)?
6
Let h be (-230)/(-50) + 3/(-5). Suppose h*p - 125 = -p. What is the units digit of p?
5
Let w(s) = 5*s**3 - 4*s**2 + 12*s - 20. What is the hundreds digit of w(5)?
5
Suppose 6*w - 7*w + 11 = 0. Let z = w + -4. Suppose k = -z + 37. What is the units digit of k?
0
Let j = 7 + -8. What is the hundreds digit of j/(-3) + -2 + (-4120)/(-24)?
1
Suppose -9*i + 6*i + 15 = 0. Suppose 0 = i*g - g - 536. What is the tens digit of g?
3
Let a(x) = x**2 - 5*x - 7. Let v be a(6). Let w = 9 - v. What is the tens digit of w?
1
Let w(g) = -2*g**2 - 8*g + 4. Let u be w(-4). Suppose -u*r + 0*r + 196 = 0. What is the units digit of r?
9
Let d(g) = 32*g - 5. Let a be d(-2). Let z = a + 152. What is the tens digit of z?
8
What is the hundreds digit of 6/(-5) - (-29889)/45?
6
Let p(q) = 114*q - 575. What is the thousands digit of p(29)?
2
Let c(j) = -35*j**3 + 10*j**2 + 25*j + 12. What is the hundreds digit of c(-5)?
5
Suppose 3*l = -3*v + 1140, -2*l - 4*v + 0*v + 762 = 0. What is the units digit of l?
9
Let p(o) be the second derivative of -o**5/20 - 5*o**4/4 - 19*o**3/6 + 5*o**2 + 2*o. What is the tens digit of p(-14)?
8
Suppose -j = -5*f - 0*j - 138, 5*f + j + 132 = 0. Let u be f/18*2/3. Let y = 31 + u. What is the units digit of y?
0
Let q = -3 + 5. Suppose 2 = -q*v + 12. Suppose -3 = v*y - 118. What is the units digit of y?
3
Suppose 0 = -2*p - p + 6. Suppose -5*x - 193 = -2*v - p*v, -5*x = 5. What is the units digit of v?
7
Let l be 2/3 + (-16)/6. What is the hundreds digit of (1228/(-6))/((-2)/(-6)*l)?
3
Suppose -373 = -5*d + 3*o + 4112, 3*d + 3*o - 2691 = 0. What is the units digit of d?
7
Suppose -3*a + 10 = -a. Suppose 0 = a*f - 5*d - 51 + 11, 4*d = -4*f + 8. What is the units digit of f?
5
Suppose -2*o - 4*r = -5*o + 1345, 0 = -4*o + 3*r + 1805. What is the hundreds digit of o?
4
Let f be 11/2 - (-21)/42. Let q(n) = 2*n**2 - 2*n - 13. What is the tens digit of q(f)?
4
Let